late the highest common factor of 210 and 72.
6
What is the highest common factor of 2 and 6662?
2
Calculate the greatest common divisor of 51 and 2278.
17
What is the greatest common divisor of 116 and 2059?
29
What is the greatest common factor of 304 and 38?
38
What is the highest common factor of 1596 and 189?
21
Calculate the greatest common divisor of 130 and 160.
10
Calculate the highest common factor of 522 and 18.
18
What is the highest common divisor of 22 and 748?
22
Calculate the highest common factor of 56 and 504.
56
Calculate the greatest common divisor of 3434 and 34.
34
What is the greatest common divisor of 75 and 325?
25
What is the greatest common divisor of 60 and 410?
10
Calculate the highest common divisor of 13 and 14.
1
Calculate the greatest common factor of 12572 and 4.
4
Calculate the highest common factor of 189 and 432.
27
Calculate the greatest common factor of 3100 and 100.
100
What is the highest common factor of 655 and 160?
5
What is the highest common factor of 460 and 30?
10
Calculate the highest common factor of 1710 and 1045.
95
Calculate the highest common divisor of 217 and 497.
7
Calculate the greatest common divisor of 54 and 48.
6
Calculate the highest common divisor of 210 and 294.
42
What is the highest common factor of 1 and 17?
1
What is the highest common divisor of 140 and 20?
20
What is the greatest common factor of 138 and 1242?
138
What is the greatest common factor of 448 and 42?
14
Calculate the greatest common factor of 112 and 640.
16
What is the highest common factor of 168 and 7329?
21
Calculate the highest common divisor of 324 and 624.
12
What is the greatest common factor of 8 and 3062?
2
Calculate the greatest common factor of 19 and 133.
19
Calculate the highest common divisor of 20 and 15.
5
Calculate the highest common divisor of 4431 and 21.
21
Calculate the greatest common divisor of 216 and 30.
6
What is the greatest common factor of 800 and 60?
20
What is the greatest common divisor of 52 and 8?
4
Calculate the greatest common divisor of 14 and 2926.
14
Calculate the highest common divisor of 322 and 414.
46
What is the highest common factor of 111 and 1221?
111
Calculate the highest common divisor of 117 and 1131.
39
Calculate the highest common divisor of 96 and 27.
3
What is the highest common divisor of 47601 and 369?
369
Calculate the highest common factor of 14 and 56.
14
Calculate the greatest common factor of 120 and 3792.
24
What is the greatest common factor of 986 and 58?
58
Calculate the highest common factor of 13 and 1157.
13
What is the highest common factor of 55 and 9218?
11
Calculate the greatest common divisor of 3787 and 7.
7
What is the highest common divisor of 10 and 7415?
5
Calculate the highest common divisor of 25 and 230.
5
What is the greatest common divisor of 935 and 8585?
85
What is the highest common factor of 78 and 65?
13
What is the greatest common divisor of 2987 and 412?
103
Calculate the highest common divisor of 34 and 1054.
34
Calculate the greatest common divisor of 17 and 24599.
17
What is the highest common factor of 989 and 86?
43
What is the greatest common factor of 871 and 67?
67
Calculate the highest common factor of 417 and 973.
139
What is the highest common divisor of 9 and 144?
9
Calculate the greatest common divisor of 62 and 14446.
62
Calculate the highest common divisor of 138 and 184.
46
Calculate the greatest common factor of 4 and 4684.
4
What is the greatest common factor of 5773 and 46?
23
What is the greatest common divisor of 162 and 1836?
54
What is the highest common factor of 13 and 273?
13
What is the greatest common factor of 2603 and 19?
19
What is the greatest common divisor of 6 and 939?
3
Calculate the greatest common divisor of 68 and 9316.
68
Calculate the highest common factor of 10 and 10.
10
What is the highest common factor of 324 and 12?
12
Calculate the highest common factor of 227 and 1.
1
Calculate the highest common divisor of 4450 and 1246.
178
What is the highest common divisor of 1804 and 410?
82
What is the greatest common factor of 869 and 33?
11
Calculate the greatest common factor of 8700 and 50.
50
What is the highest common divisor of 12 and 32?
4
Calculate the greatest common divisor of 522 and 116.
58
What is the highest common divisor of 6 and 2562?
6
What is the greatest common factor of 27 and 4923?
9
Calculate the greatest common divisor of 3 and 87.
3
Calculate the greatest common divisor of 64 and 24.
8
What is the highest common divisor of 28 and 11970?
14
Calculate the greatest common divisor of 9448 and 8.
8
What is the greatest common factor of 15 and 48?
3
What is the highest common factor of 70 and 434?
14
What is the greatest common divisor of 585 and 45?
45
What is the highest common divisor of 303 and 3?
3
Calculate the highest common divisor of 3 and 613.
1
What is the highest common factor of 5109 and 39?
39
What is the highest common factor of 2910 and 30?
30
What is the greatest common divisor of 12 and 344?
4
Calculate the highest common divisor of 855 and 30.
15
Calculate the highest common factor of 420 and 4536.
84
Calculate the greatest common factor of 3587 and 17.
17
What is the highest common divisor of 21 and 483?
21
What is the highest common divisor of 15 and 90?
15
What is the greatest common divisor of 946 and 129?
43
What is the highest common divisor of 392 and 200?
8
Calculate the highest common divisor of 40 and 2930.
10
Calculate the highest common factor of 545 and 109.
109
What is the highest common divisor of 65 and 2288?
13
Calculate the highest common divisor of 1271 and 82.
41
Calculate the greatest common divisor of 351 and 585.
117
Calculate the greatest common factor of 17 and 2873.
17
Calculate the highest common divisor of 16 and 3856.
16
Calculate the greatest common factor of 168 and 189.
21
What is the greatest common divisor of 860 and 540?
20
What is the highest common factor of 5 and 16?
1
What is the greatest common factor of 12 and 156?
12
What is the highest common divisor of 920 and 160?
40
What is the greatest common divisor of 2224 and 32?
16
Calculate the greatest common divisor of 9 and 96.
3
What is the greatest common factor of 2944 and 46?
46
What is the highest common divisor of 72 and 198?
18
What is the greatest common divisor of 450 and 90?
90
Calculate the highest common factor of 594 and 24.
6
Calculate the highest common factor of 851 and 37.
37
What is the greatest common divisor of 22 and 33?
11
What is the greatest common divisor of 102 and 51?
51
What is the highest common factor of 3 and 13?
1
What is the greatest common factor of 15370 and 29?
29
What is the highest common divisor of 70 and 182?
14
What is the greatest common divisor of 12 and 48?
12
What is the greatest common divisor of 3124 and 213?
71
Calculate the highest common factor of 1 and 2.
1
What is the greatest common factor of 729 and 351?
27
Calculate the greatest common divisor of 364 and 156.
52
What is the highest common divisor of 15 and 435?
15
Calculate the highest common factor of 3756 and 24.
12
Calculate the highest common factor of 980 and 350.
70
Calculate the greatest common factor of 90 and 510.
30
What is the highest common divisor of 166 and 3071?
83
What is the highest common divisor of 56 and 126?
14
Calculate the highest common divisor of 65261 and 7.
7
What is the greatest common divisor of 19 and 1691?
19
What is the greatest common divisor of 44 and 448?
4
What is the highest common divisor of 378 and 9198?
126
What is the highest common divisor of 328 and 82?
82
What is the highest common factor of 7 and 48?
1
Calculate the highest common factor of 28 and 483.
7
What is the greatest common factor of 59 and 1?
1
Calculate the highest common divisor of 928 and 754.
58
What is the highest common divisor of 84 and 742?
14
What is the greatest common divisor of 1258 and 2074?
34
What is the highest common divisor of 4 and 38?
2
Calculate the highest common factor of 74 and 3293.
37
Calculate the greatest common divisor of 1048 and 7205.
131
What is the greatest common divisor of 9023 and 7?
7
What is the greatest common factor of 78 and 39?
39
What is the highest common divisor of 1331 and 11?
11
Calculate the greatest 